f j?
2
Let y = 1 + 5. List the prime factors of 0/2 - (-32 + y).
2, 13
Let y(s) = 38*s + 9. Let r(j) = -19*j - 4. Let q(l) = 13*r(l) + 6*y(l). What are the prime factors of q(-2)?
2, 5
List the prime factors of (-266)/(2 + 5)*3/(-1).
2, 3, 19
Let k = -40 - -60. List the prime factors of k.
2, 5
Let w(u) = u**2 - 6*u + 2. Let k(h) = -h. Let g(z) = -14*k(z) + 2*w(z). What are the prime factors of g(-3)?
2
Let m = 8 - 12. List the prime factors of m/(-12) + (-17)/(-3).
2, 3
Suppose 3*w + m = -3*m + 32, -m = -4*w + 11. What are the prime factors of 145/w - 7/28?
2, 3
Suppose -4 = 3*s - 5*f + 12, -4*s - 6 = f. Let p = 2 + s. Suppose 4*r - 7 - 21 = p. What are the prime factors of r?
7
Let b(x) = -x - 2. Let w be b(-2). Let q = -9 + 9. Suppose w = 3*o - q*o - 12. List the prime factors of o.
2
Suppose -4*g + 3*n = 34, 3*n = -2*g + 12 - 38. What are the prime factors of (g/6)/(1/(-9))?
3, 5
Let o be 6*4/8*1. What are the prime factors of o/(-9)*(2 - 41)?
13
Let t = 141 - -7. What are the prime factors of t?
2, 37
Let y(g) = -g + 11. Let q be y(5). Suppose 2*a + d = 21 - q, 0 = -2*a + 3*d + 11. What are the prime factors of a?
7
Suppose -4*y = -3*l + 114, -4*l + y - 7 = -159. List the prime factors of l.
2, 19
Suppose y = 4*y + 12, -k + 5*y + 180 = 0. Suppose -4*q = 2*m - 128, 5*q - k = m + 3*m. List the prime factors of q.
2
Let b(f) = -5*f + 29. Let s(n) = 3*n - 19. Let h(j) = -5*b(j) - 8*s(j). List the prime factors of h(-3).
2
Suppose 0 = 3*l - 4*l + 40. What are the prime factors of l?
2, 5
Suppose 9 = 4*j - 11. Suppose -j*v - 3*u - u = -62, 4*u = -3*v + 34. What are the prime factors of v?
2, 7
Suppose -4*d + 2*d = 0. Suppose -4*w + 2*w + 10 = d. Suppose -2*j = -2*r - 2*r + 62, -61 = -w*r - 3*j. What are the prime factors of r?
2, 7
Let g = -18 - -35. Let c = g - 1. List the prime factors of c.
2
Let t(l) = l**3 - 3*l**2 - 5*l + 6. Let z = 8 + -4. Let j be t(z). Let w(u) = 2*u. List the prime factors of w(j).
2
Let k(z) = -5*z - 13. Let v be k(9). Let d = v + 86. List the prime factors of d.
2, 7
Let q(a) = -13*a - 36. What are the prime factors of q(-6)?
2, 3, 7
Let c(p) = p**3 + 5*p**2 + 4*p. Let l be c(-4). Suppose 15 = 3*v + 4*m, -4*m - 3 = v - l*m. List the prime factors of v.
3
Suppose -5*o + 55 = -10*o - 5*s, -s = -o - 9. Let g be (-2 - 0)*o/4. Suppose 20 = g*y - 25. What are the prime factors of y?
3
Let f(s) = -3*s + 3. Let p be f(4). Let j be ((-66)/p)/((-2)/(-6)). Let i = -11 + j. What are the prime factors of i?
11
Let u(q) = 3*q**2 + 3*q - 44. List the prime factors of u(-12).
2, 11
Let c(b) = -3*b**3 + 6*b**2 - b. Let h(w) = 2*w**3 - 6*w**2. Let z(y) = 3*c(y) + 4*h(y). What are the prime factors of z(-6)?
2, 3
Suppose 0 = 24*u - 34*u + 20. Suppose -2*j - 3*z - 9 = 0, 2*z + 5 = -3*z. List the prime factors of (j/u)/(2/(-8)).
2, 3
Suppose -8 = -2*o, -3*o + 252 = 4*l - o. What are the prime factors of l?
61
Let q = 71 - 23. List the prime factors of q.
2, 3
Let o = 850 - 585. What are the prime factors of o?
5, 53
Let j(z) = z**3 - 5*z**2 + 2*z + 3. Suppose -2*p = -3*b - 7, 2*b - 2 = -0. What are the prime factors of j(p)?
13
Let p(z) = -z**3 - 5*z**2 + 9*z - 8. List the prime factors of p(-7).
3
Let r be (-21)/(-15) + 3/5. List the prime factors of -1 + (-10)/(-4)*r.
2
Let q be 3 - -2 - (2 - 2). Suppose -q*f = -10*d + 5*d - 25, 0 = -3*f - d + 19. List the prime factors of (8/f)/(10/45).
2, 3
Suppose 3*n + 11 = -4, 0 = -u - n + 7. Suppose 2*a - a = u. List the prime factors of a.
2, 3
Suppose 4*a + a - 2*w - 84 = 0, a = -4*w + 30. Suppose i + 0*i = 2. Let j = a - i. What are the prime factors of j?
2
Suppose -n + 5*j - 10 = 0, 2*j = -2*j + 12. Suppose 0*b = n*b. Suppose -a + 14 - 2 = b. List the prime factors of a.
2, 3
Let p = 4 + 0. Suppose -p*i = -3*g - 98, g = -g - 4. What are the prime factors of i?
23
List the prime factors of 8/(-44) + (-712)/(-44).
2
Let q be (5/(-10))/(1/(-8)). Suppose -4*k - q*n + 116 = 0, k - n - 19 = -0*k. List the prime factors of k.
2, 3
Suppose 0 = 2*a + 2*a. Let b = 0 + a. Suppose b = -2*l + 10. What are the prime factors of l?
5
Let s = -12 - -24. Let r(k) = -k**3 + 11*k**2 + 14*k + 5. What are the prime factors of r(s)?
29
Let m(y) = -y**2 + 6*y + 3. Let r be m(6). Suppose -3*p + 10 + r = -2*d, 22 = -3*p - 5*d. Let a(t) = 17*t**3 + 2*t - 1. List the prime factors of a(p).
2, 3
Suppose -135 = -z + 2*l, z - 6*z = -l - 666. List the prime factors of z.
7, 19
Suppose 4*s - 42 = -10. Let i = s + -7. List the prime factors of (i - -10) + (-1 - 1).
3
Suppose 3*v + 4*l - 194 = 0, -3*v - 4*l + 256 = v. Suppose 4*o - v = -k, -10 = 2*o - 4*o. What are the prime factors of k?
2, 3, 7
Suppose 5*x - 27 = 4*v, x + 3*x - 24 = 4*v. Suppose -x*a - 15 = -8*a. Suppose 0 = -7*n + a*n + 28. What are the prime factors of n?
7
Let i(w) = 0 + w + 3*w + 1. Let y = 16 - 11. List the prime factors of i(y).
3, 7
Suppose -4*l + 25 + 11 = 0. What are the prime factors of l?
3
Suppose 7 + 13 = 2*b. Let r(g) = 0 - 6*g + 2 - g**3 + b*g**2 - 11. List the prime factors of r(9).
2, 3
Let g = 370 + -185. List the prime factors of g.
5, 37
Let k(s) = 19 - 12 - 3*s + 0*s. List the prime factors of k(-5).
2, 11
Suppose 307 = h + 3*z, 5*h + 4*z = h + 1252. List the prime factors of h.
2, 79
Suppose 4*x - 4*n - 38 = 118, 2*x + 2*n - 98 = 0. What are the prime factors of x?
2, 11
What are the prime factors of (-6 - -13 - 41)*(-1)/2?
17
Let y(f) = f**2 + 7*f + 2. Let h be y(-5). Suppose -4*w + 28 - 104 = 0. Let c = h - w. List the prime factors of c.
11
Let x be 2/(-4)*(1 - 15). Let v(z) = -z**2 + 9*z - 5. What are the prime factors of v(x)?
3
What are the prime factors of ((-19)/(-3))/((-12)/(-36))?
19
Let i = 2 + 2. Suppose -i = -0*m - m. Let y(n) = n**3 - 4*n**2 + 2*n - 3. List the prime factors of y(m).
5
Let z be (3 - 3)/(0 + -2). Let y(r) = -r**3 + r + 16. What are the prime factors of y(z)?
2
Let y(u) = -u**3 - u**2 + u. Let r be y(0). Let d(s) be the third derivative of -s**4/24 + 11*s**3/6 + s**2. List the prime factors of d(r).
11
What are the prime factors of 179 - 0 - (-3 - -6)?
2, 11
Let f(q) = -q**2 - 17*q + 20. List the prime factors of f(-15).
2, 5
Let u be 8/(-20) - (-17)/5. Suppose 5*o - u*x = -0*x + 35, 4*o - 5*x - 28 = 0. List the prime factors of o.
7
Suppose -4*s + 81 = h, s + 300 = -0*h + 5*h. List the prime factors of h.
61
Let x(q) = q**3 + 11*q**2 - 16*q - 29. What are the prime factors of x(-12)?
19
Let i(m) = m**2 + 8*m. Let t be i(-8). Let z(b) = -b. Let g be z(t). Let q(c) = c**2 - c + 5. What are the prime factors of q(g)?
5
Let t be ((-4)/(-2))/((-9)/18). Let z(o) = -2*o - 1. What are the prime factors of z(t)?
7
Let k(u) = u - 3. Let q be k(8). Suppose -2 = -q*f + 23. List the prime factors of f.
5
Suppose 7*v - 3*v = 36. Suppose v = -2*w + 29. List the prime factors of w.
2, 5
Let m = -242 - -362. Suppose -3*x = -7*x + m. List the prime factors of x.
2, 3, 5
Suppose -3*x - 175 = -b, -3*b - x - x + 569 = 0. What are the prime factors of b?
11, 17
Suppose 2*l = -2*m + 70, -4*l - 211 = -3*m - 2*m. List the prime factors of m.
3, 13
Let h(t) = -3*t**3 - t + 1. Let d be 1/1 - (5 + -2). What are the prime factors of h(d)?
3
Suppose b = 2*b + 11. Let v = b + 41. List the prime factors of v.
2, 3, 5
Suppose 0 = -2*i - i - 3*a - 9, 4*i = -2*a - 4. Suppose i = 4*m - 11. List the prime factors of m.
3
What are the prime factors of 15322/46 - 96/1104?
3, 37
Let m be (-36)/6*1/(-2). Suppose 0 = -2*v - m*v + 95. What are the prime factors of v?
19
Let o(n) = 5*n**2 - 3. Let d be o(3). Suppose 0*f + d = 3*f. Suppose -3*x = -19 - f. List the prime factors of x.
11
Let b(u) = -3*u**2 + 12*u + 5. Let r(v) = -4*v**2 + 18*v + 7. Let k(h) = -7*b(h) + 5*r(h). Let a be k(-6). List the prime factors of 0 + a - (-12 + -1).
13
What are the prime factors of 0/(-2) - (-7 + -13)?
2, 5
What are the prime factors of 114 + (-7)/(21/(-6))?
2, 29
Let z(t) = -t**3 + 2 + 6*t**2 + t + 0*t**3 + 2*t**3. Let m be z(-6). Let s = 8 + m. What are the prime factors of s?
2
Let c be 18/8 - 5/20. Suppose 8 = -i + c*i. What are the prime factors of i?
2
Suppose 5*k + 5*v + 1 - 6 = 0, -5*v = -k + 25. Suppose -4 = 3*x + 2. List the prime factors of k/10 - 11/x.
2, 3
Suppose 32 = -6*h + 7*h. List the prime factors of h.
2
Suppose -a + 88 = 5*l, 4*l - 58 =